{"id":1082,"date":"2023-06-05T07:37:08","date_gmt":"2023-06-05T05:37:08","guid":{"rendered":"https:\/\/lbs.se\/vaxjo\/?page_id=1082"},"modified":"2025-07-04T10:52:51","modified_gmt":"2025-07-04T08:52:51","slug":"lbs-masterclass","status":"publish","type":"page","link":"https:\/\/lbs.se\/vaxjo\/var-skola\/lbs-masterclass\/","title":{"rendered":"LBS Masterclass"},"content":{"rendered":"\n\t<div class=\"module_wrapper ams_remote_pages_module \">\n\t\t\n\t\n\t\n\t\n\t\n\t\n\n<section \n\tclass=\"ams-hero ams-hero--classic ams-hero--75 c-block l-stacked  \"\n\tdata-color-scheme=\"1553\"\n\tstyle=\"\">\n\t<div class=\"ams-hero__container u-items-center u-justify-center\">\n\t\t<div\n\t\t\tclass=\"ams-hero__content l-stack l-stack-xl is-center is-center@md\" >\n\t\t\t<div class=\"l-stack l-stack-lg\">\n\t\t\t\t\n\t\t\t\t\t\t\t<\/div>\n\n\t\t\t\t\t<\/div>\n\t<\/div>\n\n\t\n\t\t\t\n\t\t\t\t\t\t\t\n\t\t\t\t<div class=\"c-bg c-bg--img\" data-settings=\"{&quot;desktop_settings&quot;:{&quot;size&quot;:&quot;cover&quot;,&quot;position&quot;:&quot;middle-center&quot;},&quot;mobile_settings&quot;:{&quot;size&quot;:&quot;cover&quot;,&quot;position&quot;:&quot;middle-center&quot;}}\" data-position=\"middle-center\" data-size=\"cover\">\n\t\t\t<img decoding=\"async\" width=\"1920\" height=\"1080\" src=\"https:\/\/lbs.se\/wp-content\/uploads\/2023\/06\/lbs-masterclass-202304-1-1920x1080.jpg\" class=\"attachment-hero-lg size-hero-lg\" alt=\"Elever pratar inf\u00f6r klassen och visar upp en 3D-milj\u00f6 p\u00e5 storsk\u00e4rm.\" sizes=\"(max-width: 1920px) 100vw, 1920px\" \/>\n\t\t<\/div>\n\t\n<\/section>\n\n\n<section  class=\"ams-cta ams-cta--stacked c-block l-stacked\" data-color-scheme=\"nytt-standard\">\n\t<div class=\"l-container l-stack l-stack-fluid-2xl u-pt-fluid-2xl-4xl u-pb-fluid-2xl-4xl is-center is-center@md\">\n\t\t\t\t\t<div class=\"ams-cta__intro l-stack l-stack-lg\">\n\t\t\t\t\t\n\t<h1\n\tclass=\"c-heading u-font-title-1 \"\n\tstyle=\"\">\n\t\t\n\t\t\t\t\tLBS Masterclass\n\t\t\t\t\n\t<\/h1>\n\n\t\t\t\t\t\t\t\t\t<div class=\"c-text l-stack u-cs-xl u-font-body\">\n\t\t\t\t\t\t<p>LBS Masterclass \u00e4r g\u00e4stf\u00f6rel\u00e4sningar, workshops, studiebes\u00f6k och tr\u00e4ffar med branschen. Det g\u00f6r vi f\u00f6r att v\u00e5ra elever ska f\u00e5 en verklighetsf\u00f6rankrad utbildning. Masterclasses \u00e4r ocks\u00e5 en bra k\u00e4lla f\u00f6r inspiration, vilka framtidsv\u00e4gar man kan ta efter gymnasiet och vilka valm\u00f6jligheter som finns inom branschen.<\/p>\n\n\t\t\t\t\t<\/div>\n\t\t\t\t\t\t\t<\/div>\n\t\t\n\t\t\n\t\t\t<\/div>\n\n\t\t\n\n<\/section>\n\n\n<section  class=\"ams-usp c-block l-stacked\" data-color-scheme=\"new-standard-dark\">\n\t<div class=\"l-container l-stack l-stack-fluid-2xl u-pt-fluid-3xl-6xl u-pb-fluid-3xl-6xl is-center is-center@md\">\n\t\t\t\t\t<div class=\"ams-usp__intro l-stack l-stack-lg\">\n\t\t\t\t\t\n\t<h1\n\tclass=\"c-heading u-font-title-1 \"\n\tstyle=\"\">\n\t\t\n\t\t\t\t\tF\u00d6RDELAR MED MASTERCLASS\n\t\t\t\t\n\t<\/h1>\n\n\t\t\t\t\t\t\t<\/div>\n\t\t\n\t\t\t<ul class=\"ams-usp__list l-grid u-justify-center u-gap-fluid-2xl-4xl\">\n\t\t\t\t\t<li class=\"l-col-6@md l-col-4@lg\">\n\t\t\t\t<article\n\t\t\t\t\tclass=\"\n\t\t\t\t\tc-card\n\t\t\t\t\thas-media-zoom\n\t\t\t\t\t\n\t\t\t\t\t\n\t\t\t\t\t\"\n\t\t\t\t\tdata-variant=\"neutral\"\n\t\t\t\t\tdata-style=\"square\"\n\t\t\t\t\t\n\t\t\t\t\t>\n\t\t\t\t\t\t\t\t\t\t\t<div class=\"c-card__content l-stack l-stack-sm u-text-center\">\n\t\t\t\t\t\t\t\t\t\t\t\t\t\t\t<h2 class=\"c-card__title u-font-title-3\">\n\t\t\t\t\t\t\t\t\t\t\t\t\t\t\t\t\t\t\t\t\t\t\t\t\t\t\t\t\t\tN\u00c4RHET TILL BRANSCHEN\n\t\t\t\t\t\t\t\t\t\t\t\t\t\t\t\t\t\t\t\t\t\t\t\t\t\t\t<\/h2>\n\t\t\t\t\t\t\t\n\t\t\t\t\t\t\t\t\t\t\t\t\t\t\t<div class=\"c-card__text l-stack-xs u-font-body\">\n\t\t\t\t\t\t\t\t\t<p>Vi har samarbetspartners som bland andra The Game Assembly och Future Games f\u00f6r att h\u00e5lla oss f\u00f6rankrade till branschen.<\/p>\n\n\t\t\t\t\t\t\t\t<\/div>\n\t\t\t\t\t\t\t\t\t\t\t\t\t<\/div>\n\t\t\t\t\t\n\t\t\t\t\t<div class=\"c-card__media\">\n\t\t\t\t\t\t\t\t\t\t\t\t\t<img decoding=\"async\" width=\"400\" height=\"400\" src=\"https:\/\/lbs.se\/wp-content\/uploads\/2023\/06\/lbs-masterclass-202304-400x400.jpg\" class=\"u-radius-round u-ratio-landscape  ams_icon_size_usp\" alt=\"Person pekar p\u00e5 presentation p\u00e5 v\u00e4gg inf\u00f6r en klass.\" srcset=\"https:\/\/lbs.se\/wp-content\/uploads\/2023\/06\/lbs-masterclass-202304-400x400.jpg 400w, https:\/\/lbs.se\/wp-content\/uploads\/2023\/06\/lbs-masterclass-202304-150x150.jpg 150w, https:\/\/lbs.se\/wp-content\/uploads\/2023\/06\/lbs-masterclass-202304-300x300.jpg 300w, https:\/\/lbs.se\/wp-content\/uploads\/2023\/06\/lbs-masterclass-202304-600x600.jpg 600w, https:\/\/lbs.se\/wp-content\/uploads\/2023\/06\/lbs-masterclass-202304-800x800.jpg 800w, https:\/\/lbs.se\/wp-content\/uploads\/2023\/06\/lbs-masterclass-202304-1024x1024.jpg 1024w, https:\/\/lbs.se\/wp-content\/uploads\/2023\/06\/lbs-masterclass-202304.jpg 1200w\" sizes=\"(max-width: 400px) 100vw, 400px\" \/>\n\t\t\t\t\t\t\t\t\t\t\t<\/div>\n\t\t\t\t<\/article>\n\t\t\t<\/li>\n\n\t\t\t\t\t<li class=\"l-col-6@md l-col-4@lg\">\n\t\t\t\t<article\n\t\t\t\t\tclass=\"\n\t\t\t\t\tc-card\n\t\t\t\t\thas-media-zoom\n\t\t\t\t\t\n\t\t\t\t\t\n\t\t\t\t\t\"\n\t\t\t\t\tdata-variant=\"neutral\"\n\t\t\t\t\tdata-style=\"square\"\n\t\t\t\t\t\n\t\t\t\t\t>\n\t\t\t\t\t\t\t\t\t\t\t<div class=\"c-card__content l-stack l-stack-sm u-text-center\">\n\t\t\t\t\t\t\t\t\t\t\t\t\t\t\t<h2 class=\"c-card__title u-font-title-3\">\n\t\t\t\t\t\t\t\t\t\t\t\t\t\t\t\t\t\t\t\t\t\t\t\t\t\t\t\t\t\tSTUDIEBES\u00d6K\n\t\t\t\t\t\t\t\t\t\t\t\t\t\t\t\t\t\t\t\t\t\t\t\t\t\t\t<\/h2>\n\t\t\t\t\t\t\t\n\t\t\t\t\t\t\t\t\t\t\t\t\t\t\t<div class=\"c-card__text l-stack-xs u-font-body\">\n\t\t\t\t\t\t\t\t\t<p>Som elev p\u00e5 LBS f\u00e5r du g\u00f6ra studiebes\u00f6k d\u00e4r du f\u00e5r inblick i f\u00f6retag och organisationer kopplade till din utbildning.<\/p>\n\n\t\t\t\t\t\t\t\t<\/div>\n\t\t\t\t\t\t\t\t\t\t\t\t\t<\/div>\n\t\t\t\t\t\n\t\t\t\t\t<div class=\"c-card__media\">\n\t\t\t\t\t\t\t\t\t\t\t\t\t<img decoding=\"async\" width=\"400\" height=\"400\" src=\"https:\/\/lbs.se\/wp-content\/uploads\/2023\/06\/lbs-masterclass-studiebesok-400x400.jpg\" class=\"u-radius-round u-ratio-landscape  ams_icon_size_usp\" alt=\"Tv\u00e5 elever skissar en 3D-modell p\u00e5 en ritplatta.\" srcset=\"https:\/\/lbs.se\/wp-content\/uploads\/2023\/06\/lbs-masterclass-studiebesok-400x400.jpg 400w, https:\/\/lbs.se\/wp-content\/uploads\/2023\/06\/lbs-masterclass-studiebesok-150x150.jpg 150w, https:\/\/lbs.se\/wp-content\/uploads\/2023\/06\/lbs-masterclass-studiebesok-300x300.jpg 300w, https:\/\/lbs.se\/wp-content\/uploads\/2023\/06\/lbs-masterclass-studiebesok-600x600.jpg 600w, https:\/\/lbs.se\/wp-content\/uploads\/2023\/06\/lbs-masterclass-studiebesok-800x800.jpg 800w, https:\/\/lbs.se\/wp-content\/uploads\/2023\/06\/lbs-masterclass-studiebesok-1024x1024.jpg 1024w, https:\/\/lbs.se\/wp-content\/uploads\/2023\/06\/lbs-masterclass-studiebesok.jpg 1200w\" sizes=\"(max-width: 400px) 100vw, 400px\" \/>\n\t\t\t\t\t\t\t\t\t\t\t<\/div>\n\t\t\t\t<\/article>\n\t\t\t<\/li>\n\n\t\t\t\t\t<li class=\"l-col-6@md l-col-4@lg\">\n\t\t\t\t<article\n\t\t\t\t\tclass=\"\n\t\t\t\t\tc-card\n\t\t\t\t\thas-media-zoom\n\t\t\t\t\t\n\t\t\t\t\t\n\t\t\t\t\t\"\n\t\t\t\t\tdata-variant=\"neutral\"\n\t\t\t\t\tdata-style=\"square\"\n\t\t\t\t\t\n\t\t\t\t\t>\n\t\t\t\t\t\t\t\t\t\t\t<div class=\"c-card__content l-stack l-stack-sm u-text-center\">\n\t\t\t\t\t\t\t\t\t\t\t\t\t\t\t<h2 class=\"c-card__title u-font-title-3\">\n\t\t\t\t\t\t\t\t\t\t\t\t\t\t\t\t\t\t\t\t\t\t\t\t\t\t\t\t\t\tREDO F\u00d6R FRAMTIDEN\n\t\t\t\t\t\t\t\t\t\t\t\t\t\t\t\t\t\t\t\t\t\t\t\t\t\t\t<\/h2>\n\t\t\t\t\t\t\t\n\t\t\t\t\t\t\t\t\t\t\t\t\t\t\t<div class=\"c-card__text l-stack-xs u-font-body\">\n\t\t\t\t\t\t\t\t\t<p>Med Masterclasses f\u00e5r du inte bara g\u00f6ra roliga studiebes\u00f6k och lyssna till sp\u00e4nnande branschpersoner. Du f\u00e5r ocks\u00e5 en verklighetsf\u00f6rankrad och aktuell utbildning.<\/p>\n\n\t\t\t\t\t\t\t\t<\/div>\n\t\t\t\t\t\t\t\t\t\t\t\t\t<\/div>\n\t\t\t\t\t\n\t\t\t\t\t<div class=\"c-card__media\">\n\t\t\t\t\t\t\t\t\t\t\t\t\t<img decoding=\"async\" width=\"400\" height=\"400\" src=\"https:\/\/lbs.se\/wp-content\/uploads\/2023\/06\/lbs-masterclass-verklighetsforankring-400x400.jpg\" class=\"u-radius-round u-ratio-landscape  ams_icon_size_usp\" alt=\"Elev tittar p\u00e5 sin sk\u00e4rm och ler.\" srcset=\"https:\/\/lbs.se\/wp-content\/uploads\/2023\/06\/lbs-masterclass-verklighetsforankring-400x400.jpg 400w, https:\/\/lbs.se\/wp-content\/uploads\/2023\/06\/lbs-masterclass-verklighetsforankring-150x150.jpg 150w, https:\/\/lbs.se\/wp-content\/uploads\/2023\/06\/lbs-masterclass-verklighetsforankring-300x300.jpg 300w, https:\/\/lbs.se\/wp-content\/uploads\/2023\/06\/lbs-masterclass-verklighetsforankring-600x600.jpg 600w, https:\/\/lbs.se\/wp-content\/uploads\/2023\/06\/lbs-masterclass-verklighetsforankring-800x800.jpg 800w, https:\/\/lbs.se\/wp-content\/uploads\/2023\/06\/lbs-masterclass-verklighetsforankring-1024x1024.jpg 1024w, https:\/\/lbs.se\/wp-content\/uploads\/2023\/06\/lbs-masterclass-verklighetsforankring.jpg 1200w\" sizes=\"(max-width: 400px) 100vw, 400px\" \/>\n\t\t\t\t\t\t\t\t\t\t\t<\/div>\n\t\t\t\t<\/article>\n\t\t\t<\/li>\n\n\t\t\t<\/ul>\n\n\t\t\t<\/div>\n\n\t\t\n\n<\/section>\n\t<\/div>\n\n\t\n\n\n<section \n\t\t class=\"\n\t\t ams-contact\n\t\t \n\t\t c-block l-stacked\n\t\t \n\t\t \n\t\t js-load-more\n\t\t \"\n\t\t data-color-scheme=\"nytt-standard\"\n\t\t\t\t\tdata-count=\"3\"\n\t\t\t\t\t\t\tdata-count-mobile=\"2\"\n\t\t\t\t>\n\t<div\n\t\t class=\"\n\t\t l-container\n\t\t l-stack l-stack-fluid-2xl\n\t\t u-pt-fluid-3xl-6xl\n\t\t u-pb-fluid-3xl-6xl\n\t\t is-center\n\t\t is-center@md\n\t\t \">\n\t\t\t\t\t<div class=\"ams-contact__intro l-stack l-stack-lg\">\n\t\t\t\t\t\n\t<h2\n\tclass=\"c-heading u-font-title-1 \"\n\tstyle=\"\">\n\t\t\n\t\t\t\t\tVILL DU H\u00c5LLA MASTERCLASS HOS OSS?\n\t\t\t\t\n\t<\/h2>\n\n\t\t\t\t\t\t\t\t\t<div class=\"c-text l-stack u-cs-xl u-font-body\">\n\t\t\t\t\t\t<p><span data-sheets-value=\"{&quot;1&quot;:2,&quot;2&quot;:&quot;Kontakta oss g\u00e4rna om du har intresse f\u00f6r att f\u00f6rel\u00e4sa f\u00f6r v\u00e5ra elever.&quot;}\" data-sheets-userformat=\"{&quot;2&quot;:5033,&quot;3&quot;:{&quot;1&quot;:0},&quot;6&quot;:{&quot;1&quot;:[{&quot;1&quot;:2,&quot;2&quot;:0,&quot;5&quot;:{&quot;1&quot;:2,&quot;2&quot;:0}},{&quot;1&quot;:0,&quot;2&quot;:0,&quot;3&quot;:3},{&quot;1&quot;:1,&quot;2&quot;:0,&quot;4&quot;:1}]},&quot;8&quot;:{&quot;1&quot;:[{&quot;1&quot;:2,&quot;2&quot;:0,&quot;5&quot;:{&quot;1&quot;:2,&quot;2&quot;:0}},{&quot;1&quot;:0,&quot;2&quot;:0,&quot;3&quot;:3},{&quot;1&quot;:1,&quot;2&quot;:0,&quot;4&quot;:1}]},&quot;10&quot;:0,&quot;11&quot;:4,&quot;12&quot;:0,&quot;15&quot;:&quot;Montserrat&quot;}\">Kontakta oss g\u00e4rna om du har intresse att f\u00f6rel\u00e4sa f\u00f6r v\u00e5ra elever.<\/span><\/p>\n\n\t\t\t\t\t<\/div>\n\t\t\t\t\t\t\t<\/div>\n\t\t\n\t\t\n\t\t    \t\n\t\t\n\t\t<ul\n\t\t\tid=\"contact-grid-69dff6e5ea34a\"\n\t\t\tclass=\"ams-contact__list l-grid u-gap-fluid-2xl-4xl u-justify-center js-results \"\n\t\t\taria-label=\"Kontakter\"\n\t\t\tdata-filter-animation=\"off\"\n\t\t\t>\n\t\t\t\t\t\t\t\t\t\t\t\n\t\t\t\t\n\t\t\t\t<li class=\"l-col-12 \" data-filter=\"ledning\">\n\t\t\t\t\t<article class=\"c-card u-justify-center\" data-variant=\"inline\">\n\t\t\t\t\t\t<div class=\"c-card__content u-flex-basis-auto u-flex-grow-0 u-text-center@mobile\">\n\t\t\t\t\t\t\t\t\t\t\t\t\t\t\t<h3 class=\"c-card__title u-font-title-3\">\n\t\t\t\t\t\t\t\t\tSARI SUNDBERG\n\t\t\t\t\t\t\t\t<\/h3>\n\t\t\t\t\t\t\t\n\t\t\t\t\t\t\t\t\t\t\t\t\t\t\t<p class=\"position u-font-body\">Rektor<\/p>\n\t\t\t\t\t\t\t\n\t\t\t\t\t\t\t\t\t\t\t\t\t\t\t<div class=\"contact-info u-font-body\">\n\t\t\t\t\t\t\t\t\t\t\t\t\t\t\t\t\t\t\t\t\t\t\t\t\t\t\t\t\t\t<p class=\"phone\"><a\n\t\t\t\t\t\t\t\t\t\t\t\t\thref=\"tel:047049063\"\n\t\t\t\t\t\t\t\t\t\t\t\t\tclass=\"u-text-link\">0470-49 063 <\/a>\n\t\t\t\t\t\t\t\t\t\t\t<\/p>\n\t\t\t\t\t\t\t\t\t\t\t\t\t\t\t\t\t\t\t\n\t\t\t\t\t\t\t\t\t\t\t\t\t\t\t\t\t\t\t\t\t\t\t\t\t\t\t\t\t\t<p class=\"email\"><a\n\t\t\t\t\t\t\t\t\t\t\t\t\thref=\"&#109;&#097;&#105;l&#116;&#111;:sa&#114;i&#046;s&#117;&#110;d&#098;er&#103;&#064;&#108;bs&#046;&#115;&#101;\"\n\t\t\t\t\t\t\t\t\t\t\t\t\tclass=\"u-text-link\">&#115;ari.&#115;&#117;&#110;d&#098;e&#114;&#103;&#064;lbs.&#115;&#101;<\/a>\n\t\t\t\t\t\t\t\t\t\t\t<\/p>\n\t\t\t\t\t\t\t\t\t\t\t\t\t\t\t\t\t\t\t\t\t\t\t\t\t\t\t<\/div>\n\t\t\t\t\t\t\t\n\t\t\t\t\t\t\t\t\t\t\t\t\t<\/div>\n\t\t\t\t\t\t<div class=\"c-card__media\">\n\t\t\t\t\t\t\t\t\t\t\t\t\t\t\t\t\t\t\t\t\t\t\t\t\t\t\t\t\t\t\t\t\t\t\t\t\t\t\t\t\t\t\t\t\t\t\t\t\t<img decoding=\"async\" width=\"400\" height=\"400\" src=\"https:\/\/lbs.se\/wp-content\/uploads\/sites\/24\/2024\/08\/sari1x1-400x400.png\" class=\"u-radius-round u-ratio-landscape  \" alt=\"Sari\" sizes=\"(max-width: 300px) 100vw, 300px\" srcset=\"https:\/\/lbs.se\/wp-content\/uploads\/sites\/24\/2024\/08\/sari1x1-400x400.png 400w, https:\/\/lbs.se\/wp-content\/uploads\/sites\/24\/2024\/08\/sari1x1-150x150.png 150w, https:\/\/lbs.se\/wp-content\/uploads\/sites\/24\/2024\/08\/sari1x1-300x300.png 300w, https:\/\/lbs.se\/wp-content\/uploads\/sites\/24\/2024\/08\/sari1x1-600x600.png 600w, https:\/\/lbs.se\/wp-content\/uploads\/sites\/24\/2024\/08\/sari1x1-800x800.png 800w, https:\/\/lbs.se\/wp-content\/uploads\/sites\/24\/2024\/08\/sari1x1.png 1000w\" \/>\n\t\t\t\t\t\t<\/div>\n\t\t\t\t\t<\/article>\n\t\t\t\t<\/li>\n\t\t\t\t\t<\/ul>\n\n\t\t\n\t\t    <div class=\"ams-contact__more u-inline-items js-load-more-btn\">\n        <button href=\"#\"\n                class=\"c-btn\"\n                data-style=\"square\"\n                data-size=\"md\"\n                data-width=\"full-mobile\"\n                data-variant=\"outline\">\n        \tVisa mer\n        <\/button>\n    <\/div>\n\n\t\t\t<\/div>\n\n\t\t\n\n<\/section>\n\n\n\n\t<div class=\"module_wrapper ams_remote_pages_module \">\n\t\t\n\n<section  class=\"ams-cta ams-cta--stacked c-block l-stacked\" data-color-scheme=\"new-pink-dark\">\n\t<div class=\"l-container-narrow l-stack l-stack-fluid-2xl u-pt-fluid-3xl-6xl u-pb-fluid-3xl-6xl is-center is-center@md\">\n\t\t\t\t\t<div class=\"ams-cta__intro l-stack l-stack-lg\">\n\t\t\t\t\t\n\t<h2\n\tclass=\"c-heading u-font-title-1 \"\n\tstyle=\"\">\n\t\t\n\t\t\t\t\tBES\u00d6K OSS\n\t\t\t\t\n\t<\/h2>\n\n\t\t\t\t\t\t\t\t\t<div class=\"c-text l-stack u-cs-xl u-font-body\">\n\t\t\t\t\t\t<p><span data-sheets-value=\"{&quot;1&quot;:2,&quot;2&quot;:&quot;Vill du veta mer om oss p\u00e5 LBS Kreativa Gymnasiet Bor\u00e5s? Bes\u00f6k oss p\u00e5 \u00d6ppet hus eller som Elev f\u00f6r en dag s\u00e5 f\u00e5r du l\u00e4ra k\u00e4nna oss b\u00e4ttre. V\u00e4lkommen!&quot;}\" data-sheets-userformat=\"{&quot;2&quot;:5027,&quot;3&quot;:{&quot;1&quot;:0},&quot;4&quot;:{&quot;1&quot;:2,&quot;2&quot;:13228792},&quot;8&quot;:{&quot;1&quot;:[{&quot;1&quot;:2,&quot;2&quot;:0,&quot;5&quot;:{&quot;1&quot;:2,&quot;2&quot;:0}},{&quot;1&quot;:0,&quot;2&quot;:0,&quot;3&quot;:3},{&quot;1&quot;:1,&quot;2&quot;:0,&quot;4&quot;:1}]},&quot;10&quot;:0,&quot;11&quot;:4,&quot;12&quot;:0,&quot;15&quot;:&quot;Montserrat&quot;}\">Vill du veta mer om oss p\u00e5 LBS Kreativa Gymnasiet V\u00e4xj\u00f6? Bes\u00f6k oss p\u00e5 \u00d6ppet hus eller som Elev f\u00f6r en dag s\u00e5 f\u00e5r du l\u00e4ra k\u00e4nna oss b\u00e4ttre. V\u00e4lkommen!<\/span><\/p>\n\n\t\t\t\t\t<\/div>\n\t\t\t\t\t\t\t<\/div>\n\t\t\n\t\t\n\t\t\t<div class=\"ams-cta__action u-inline-items\">\n\t\t\t\t\t\t\t\n\n\n<a href=\"https:\/\/lbs.se\/vaxjo\/oppet-hus\/\"\n\t\n\tclass=\"c-btn \"\n\tdata-style=\"square\"\n\tdata-size=\"md\"\n\tdata-width=\"full-mobile\"\n\tdata-variant=\"default\"\n\ttarget=\"_self\">\n\t\t\t<span class=\"label\"> Kom p\u00e5 \u00f6ppet hus<\/span>\n\t\t\t<\/a>\n\t\t\t\t\t\t\t\n\n\n<a href=\"https:\/\/lbs.se\/vaxjo\/elev-for-en-dag\/\"\n\t\n\tclass=\"c-btn \"\n\tdata-style=\"square\"\n\tdata-size=\"md\"\n\tdata-width=\"full-mobile\"\n\tdata-variant=\"outline\"\n\ttarget=\"_self\">\n\t\t\t<span class=\"label\"> Bli elev f\u00f6r en dag<\/span>\n\t\t\t<\/a>\n\t\t\t<\/div>\n\t<\/div>\n\n\t\t\n\n<\/section>\n<div\n\t\n\tclass=\"\n\tc-separator\n\tc-separator--line\n\tc-separator--center\n\tc-separator--center@md\n\t\n\tu-mt-fluid-Ingen\n\tu-mb-fluid-Ingen\n\t\n\t\"\n\tstyle=\"\n\t--width-desk: 100%;\n\t--width-mob: 100%;\n\t--height-desk: 30px;\n\t--height-mob: 30px;\n\t--style: solid;\n\t--color: #FF0079;\n\t\">\n\t\t\t<div class=\"c-separator__line\"><\/div>\n\t<\/div>\n\t<\/div>\n\n\t","protected":false},"excerpt":{"rendered":"","protected":false},"author":3,"featured_media":0,"parent":19,"menu_order":0,"comment_status":"closed","ping_status":"closed","template":"","meta":{"footnotes":""},"yoast_head":"<!-- This site is optimized with the Yoast SEO plugin v22.0 - https:\/\/yoast.com\/wordpress\/plugins\/seo\/ -->\n<title>LBS Masterclass - LBS Gymnasium V\u00e4xj\u00f6<\/title>\n<meta name=\"description\" content=\"Som elev p\u00e5 LBS f\u00e5r du g\u00f6ra studiebes\u00f6k d\u00e4r du f\u00e5r inblick i f\u00f6retag och organisationer kopplade till din utbildning.\" \/>\n<meta name=\"robots\" content=\"index, follow, max-snippet:-1, max-image-preview:large, max-video-preview:-1\" \/>\n<link rel=\"canonical\" href=\"https:\/\/lbs.se\/vaxjo\/var-skola\/lbs-masterclass\/\" \/>\n<meta property=\"og:locale\" content=\"sv_SE\" \/>\n<meta property=\"og:type\" content=\"article\" \/>\n<meta property=\"og:title\" content=\"LBS Masterclass - LBS Gymnasium V\u00e4xj\u00f6\" \/>\n<meta property=\"og:description\" content=\"Som elev p\u00e5 LBS f\u00e5r du g\u00f6ra studiebes\u00f6k d\u00e4r du f\u00e5r inblick i f\u00f6retag och organisationer kopplade till din utbildning.\" \/>\n<meta property=\"og:url\" content=\"https:\/\/lbs.se\/vaxjo\/var-skola\/lbs-masterclass\/\" \/>\n<meta property=\"og:site_name\" content=\"V\u00e4xj\u00f6\" \/>\n<meta property=\"article:modified_time\" content=\"2025-07-04T08:52:51+00:00\" \/>\n<meta name=\"twitter:card\" content=\"summary_large_image\" \/>\n<meta name=\"twitter:title\" content=\"LBS Masterclass - LBS Gymnasium V\u00e4xj\u00f6\" \/>\n<meta name=\"twitter:description\" content=\"Som elev p\u00e5 LBS f\u00e5r du g\u00f6ra studiebes\u00f6k d\u00e4r du f\u00e5r inblick i f\u00f6retag och organisationer kopplade till din utbildning.\" \/>\n<meta name=\"twitter:label1\" content=\"Ber\u00e4knad l\u00e4stid\" \/>\n\t<meta name=\"twitter:data1\" content=\"1 minut\" \/>\n<script type=\"application\/ld+json\" class=\"yoast-schema-graph\">{\"@context\":\"https:\/\/schema.org\",\"@graph\":[{\"@type\":\"WebPage\",\"@id\":\"https:\/\/lbs.se\/vaxjo\/var-skola\/lbs-masterclass\/\",\"url\":\"https:\/\/lbs.se\/vaxjo\/var-skola\/lbs-masterclass\/\",\"name\":\"LBS Masterclass - LBS Gymnasium V\u00e4xj\u00f6\",\"isPartOf\":{\"@id\":\"https:\/\/lbs.se\/vaxjo\/#website\"},\"datePublished\":\"2023-06-05T05:37:08+00:00\",\"dateModified\":\"2025-07-04T08:52:51+00:00\",\"description\":\"Som elev p\u00e5 LBS f\u00e5r du g\u00f6ra studiebes\u00f6k d\u00e4r du f\u00e5r inblick i f\u00f6retag och organisationer kopplade till din utbildning.\",\"breadcrumb\":{\"@id\":\"https:\/\/lbs.se\/vaxjo\/var-skola\/lbs-masterclass\/#breadcrumb\"},\"inLanguage\":\"sv-SE\",\"potentialAction\":[{\"@type\":\"ReadAction\",\"target\":[\"https:\/\/lbs.se\/vaxjo\/var-skola\/lbs-masterclass\/\"]}]},{\"@type\":\"BreadcrumbList\",\"@id\":\"https:\/\/lbs.se\/vaxjo\/var-skola\/lbs-masterclass\/#breadcrumb\",\"itemListElement\":[{\"@type\":\"ListItem\",\"position\":1,\"name\":\"Start\",\"item\":\"https:\/\/lbs.se\/vaxjo\/\"},{\"@type\":\"ListItem\",\"position\":2,\"name\":\"V\u00e5r skola\",\"item\":\"https:\/\/lbs.se\/vaxjo\/var-skola\/\"},{\"@type\":\"ListItem\",\"position\":3,\"name\":\"LBS Masterclass\"}]},{\"@type\":\"WebSite\",\"@id\":\"https:\/\/lbs.se\/vaxjo\/#website\",\"url\":\"https:\/\/lbs.se\/vaxjo\/\",\"name\":\"V\u00e4xj\u00f6\",\"description\":\"LBS Kreativa Gymnasiet\",\"potentialAction\":[{\"@type\":\"SearchAction\",\"target\":{\"@type\":\"EntryPoint\",\"urlTemplate\":\"https:\/\/lbs.se\/vaxjo\/?s={search_term_string}\"},\"query-input\":\"required name=search_term_string\"}],\"inLanguage\":\"sv-SE\"}]}<\/script>\n<!-- \/ Yoast SEO plugin. -->","yoast_head_json":{"title":"LBS Masterclass - LBS Gymnasium V\u00e4xj\u00f6","description":"Som elev p\u00e5 LBS f\u00e5r du g\u00f6ra studiebes\u00f6k d\u00e4r du f\u00e5r inblick i f\u00f6retag och organisationer kopplade till din utbildning.","robots":{"index":"index","follow":"follow","max-snippet":"max-snippet:-1","max-image-preview":"max-image-preview:large","max-video-preview":"max-video-preview:-1"},"canonical":"https:\/\/lbs.se\/vaxjo\/var-skola\/lbs-masterclass\/","og_locale":"sv_SE","og_type":"article","og_title":"LBS Masterclass - LBS Gymnasium V\u00e4xj\u00f6","og_description":"Som elev p\u00e5 LBS f\u00e5r du g\u00f6ra studiebes\u00f6k d\u00e4r du f\u00e5r inblick i f\u00f6retag och organisationer kopplade till din utbildning.","og_url":"https:\/\/lbs.se\/vaxjo\/var-skola\/lbs-masterclass\/","og_site_name":"V\u00e4xj\u00f6","article_modified_time":"2025-07-04T08:52:51+00:00","twitter_card":"summary_large_image","twitter_title":"LBS Masterclass - LBS Gymnasium V\u00e4xj\u00f6","twitter_description":"Som elev p\u00e5 LBS f\u00e5r du g\u00f6ra studiebes\u00f6k d\u00e4r du f\u00e5r inblick i f\u00f6retag och organisationer kopplade till din utbildning.","twitter_misc":{"Ber\u00e4knad l\u00e4stid":"1 minut"},"schema":{"@context":"https:\/\/schema.org","@graph":[{"@type":"WebPage","@id":"https:\/\/lbs.se\/vaxjo\/var-skola\/lbs-masterclass\/","url":"https:\/\/lbs.se\/vaxjo\/var-skola\/lbs-masterclass\/","name":"LBS Masterclass - LBS Gymnasium V\u00e4xj\u00f6","isPartOf":{"@id":"https:\/\/lbs.se\/vaxjo\/#website"},"datePublished":"2023-06-05T05:37:08+00:00","dateModified":"2025-07-04T08:52:51+00:00","description":"Som elev p\u00e5 LBS f\u00e5r du g\u00f6ra studiebes\u00f6k d\u00e4r du f\u00e5r inblick i f\u00f6retag och organisationer kopplade till din utbildning.","breadcrumb":{"@id":"https:\/\/lbs.se\/vaxjo\/var-skola\/lbs-masterclass\/#breadcrumb"},"inLanguage":"sv-SE","potentialAction":[{"@type":"ReadAction","target":["https:\/\/lbs.se\/vaxjo\/var-skola\/lbs-masterclass\/"]}]},{"@type":"BreadcrumbList","@id":"https:\/\/lbs.se\/vaxjo\/var-skola\/lbs-masterclass\/#breadcrumb","itemListElement":[{"@type":"ListItem","position":1,"name":"Start","item":"https:\/\/lbs.se\/vaxjo\/"},{"@type":"ListItem","position":2,"name":"V\u00e5r skola","item":"https:\/\/lbs.se\/vaxjo\/var-skola\/"},{"@type":"ListItem","position":3,"name":"LBS Masterclass"}]},{"@type":"WebSite","@id":"https:\/\/lbs.se\/vaxjo\/#website","url":"https:\/\/lbs.se\/vaxjo\/","name":"V\u00e4xj\u00f6","description":"LBS Kreativa Gymnasiet","potentialAction":[{"@type":"SearchAction","target":{"@type":"EntryPoint","urlTemplate":"https:\/\/lbs.se\/vaxjo\/?s={search_term_string}"},"query-input":"required name=search_term_string"}],"inLanguage":"sv-SE"}]}},"_links":{"self":[{"href":"https:\/\/lbs.se\/vaxjo\/wp-json\/wp\/v2\/pages\/1082"}],"collection":[{"href":"https:\/\/lbs.se\/vaxjo\/wp-json\/wp\/v2\/pages"}],"about":[{"href":"https:\/\/lbs.se\/vaxjo\/wp-json\/wp\/v2\/types\/page"}],"author":[{"embeddable":true,"href":"https:\/\/lbs.se\/vaxjo\/wp-json\/wp\/v2\/users\/3"}],"replies":[{"embeddable":true,"href":"https:\/\/lbs.se\/vaxjo\/wp-json\/wp\/v2\/comments?post=1082"}],"version-history":[{"count":10,"href":"https:\/\/lbs.se\/vaxjo\/wp-json\/wp\/v2\/pages\/1082\/revisions"}],"predecessor-version":[{"id":2028,"href":"https:\/\/lbs.se\/vaxjo\/wp-json\/wp\/v2\/pages\/1082\/revisions\/2028"}],"up":[{"embeddable":true,"href":"https:\/\/lbs.se\/vaxjo\/wp-json\/wp\/v2\/pages\/19"}],"wp:attachment":[{"href":"https:\/\/lbs.se\/vaxjo\/wp-json\/wp\/v2\/media?parent=1082"}],"curies":[{"name":"wp","href":"https:\/\/api.w.org\/{rel}","templated":true}]}}